{"id":17240,"date":"2024-09-23T13:06:15","date_gmt":"2024-09-23T12:06:15","guid":{"rendered":"https:\/\/velafemme.com\/?post_type=product&#038;p=17240"},"modified":"2026-02-06T20:27:37","modified_gmt":"2026-02-06T19:27:37","slug":"decouvrez-le-parure-colore-g-rond-en-acier-inoxydable","status":"publish","type":"product","link":"https:\/\/velafemme.com\/arr\/shop\/decouvrez-le-parure-colore-g-rond-en-acier-inoxydable\/","title":{"rendered":"D\u00e9couvrez le Parure Color\u00e9 G-Rond en Acier Inoxydable"},"content":{"rendered":"","protected":false},"excerpt":{"rendered":"<h2>Une \u00c9l\u00e9gance <span style=\"color: #008000;\">Color\u00e9e<\/span><\/h2>","protected":false},"featured_media":17298,"template":"","meta":[],"product_brand":[],"product_cat":[21],"product_tag":[],"class_list":{"0":"post-17240","1":"product","2":"type-product","3":"status-publish","4":"has-post-thumbnail","6":"product_cat-accessories","7":"pa_brand-ralph-rulen","9":"first","10":"instock","11":"sold-individually","12":"shipping-taxable","13":"purchasable","14":"product-type-variable"},"jetpack_sharing_enabled":true,"_links":{"self":[{"href":"https:\/\/velafemme.com\/arr\/wp-json\/wp\/v2\/product\/17240","targetHints":{"allow":["GET"]}}],"collection":[{"href":"https:\/\/velafemme.com\/arr\/wp-json\/wp\/v2\/product"}],"about":[{"href":"https:\/\/velafemme.com\/arr\/wp-json\/wp\/v2\/types\/product"}],"version-history":[{"count":9,"href":"https:\/\/velafemme.com\/arr\/wp-json\/wp\/v2\/product\/17240\/revisions"}],"predecessor-version":[{"id":18335,"href":"https:\/\/velafemme.com\/arr\/wp-json\/wp\/v2\/product\/17240\/revisions\/18335"}],"wp:featuredmedia":[{"embeddable":true,"href":"https:\/\/velafemme.com\/arr\/wp-json\/wp\/v2\/media\/17298"}],"wp:attachment":[{"href":"https:\/\/velafemme.com\/arr\/wp-json\/wp\/v2\/media?parent=17240"}],"wp:term":[{"taxonomy":"product_brand","embeddable":true,"href":"https:\/\/velafemme.com\/arr\/wp-json\/wp\/v2\/product_brand?post=17240"},{"taxonomy":"product_cat","embeddable":true,"href":"https:\/\/velafemme.com\/arr\/wp-json\/wp\/v2\/product_cat?post=17240"},{"taxonomy":"product_tag","embeddable":true,"href":"https:\/\/velafemme.com\/arr\/wp-json\/wp\/v2\/product_tag?post=17240"}],"curies":[{"name":"wp","href":"https:\/\/api.w.org\/{rel}","templated":true}]}}